{"id":2492,"date":"2020-12-25T14:50:12","date_gmt":"2020-12-25T12:50:12","guid":{"rendered":"https:\/\/degrenslopers.nl\/wp-content\/?page_id=2492"},"modified":"2023-10-19T16:24:06","modified_gmt":"2023-10-19T14:24:06","slug":"lidmaatschap-beeindigen","status":"publish","type":"page","link":"https:\/\/degrenslopers.nl\/wp-content\/lidmaatschap-beeindigen\/","title":{"rendered":"Lidmaatschap be\u00ebindigen"},"content":{"rendered":"<p>Weet je zeker dat je jouw lidmaatschap wil be\u00ebindigen?<\/p>\n<p>Opzeggen dient te gebeuren v\u00f3\u00f3r 1 november, uitsluitend schriftelijk of<br \/>\nper e-mail bij de ledenadministratie:<\/p>\n<p>E-mail:<br \/>\n<a href=\"mailto:administratie@degrenslopers.nl\">administratie@degrenslopers.nl<\/a><\/p>\n<p>Postadres:<br \/>\nWillemien van de Wiel<br \/>\nBoscheind 40<br \/>\n5575 AA Luyksgestel<\/p>\n<p>Je lidmaatschap van WSV De Grenslopers eindigt op 1 januari van het volgende kalenderjaar,<br \/>\nmits v\u00f3\u00f3r 1 november opgezegd.<\/p>\n<p>&nbsp;<\/p>\n","protected":false},"excerpt":{"rendered":"<p>Weet je zeker dat je jouw lidmaatschap wil be\u00ebindigen? Opzeggen dient te gebeuren v\u00f3\u00f3r 1 november, uitsluitend schriftelijk of per[&#8230;]<\/p>\n","protected":false},"author":5,"featured_media":0,"parent":0,"menu_order":0,"comment_status":"closed","ping_status":"closed","template":"","meta":{"footnotes":""},"class_list":["post-2492","page","type-page","status-publish","hentry"],"_links":{"self":[{"href":"https:\/\/degrenslopers.nl\/wp-content\/wp-json\/wp\/v2\/pages\/2492","targetHints":{"allow":["GET"]}}],"collection":[{"href":"https:\/\/degrenslopers.nl\/wp-content\/wp-json\/wp\/v2\/pages"}],"about":[{"href":"https:\/\/degrenslopers.nl\/wp-content\/wp-json\/wp\/v2\/types\/page"}],"author":[{"embeddable":true,"href":"https:\/\/degrenslopers.nl\/wp-content\/wp-json\/wp\/v2\/users\/5"}],"replies":[{"embeddable":true,"href":"https:\/\/degrenslopers.nl\/wp-content\/wp-json\/wp\/v2\/comments?post=2492"}],"version-history":[{"count":10,"href":"https:\/\/degrenslopers.nl\/wp-content\/wp-json\/wp\/v2\/pages\/2492\/revisions"}],"predecessor-version":[{"id":4196,"href":"https:\/\/degrenslopers.nl\/wp-content\/wp-json\/wp\/v2\/pages\/2492\/revisions\/4196"}],"wp:attachment":[{"href":"https:\/\/degrenslopers.nl\/wp-content\/wp-json\/wp\/v2\/media?parent=2492"}],"curies":[{"name":"wp","href":"https:\/\/api.w.org\/{rel}","templated":true}]}}